er when (0 + -49)*(-2)/2 is divided by g?
5
Calculate the remainder when 99 is divided by (-36)/(-54)*(-138)/(-4).
7
Suppose 0 = -2*d + 2*r + 162, -12*r - 25 = -17*r. Calculate the remainder when d is divided by 25.
11
Suppose 0 = 4*i - 483 + 187. Calculate the remainder when 209 is divided by i.
61
Let q = -1013 + 1123. Calculate the remainder when 1867 is divided by q.
107
What is the remainder when 188 is divided by (1/3 + -1)/((-189)/10206)?
8
Suppose 3*r + 48 = 11*r. What is the remainder when 16 is divided by r?
4
Suppose -9*h - 30 = -489. Calculate the remainder when h is divided by 13.
12
Let o = 442 - 435. Suppose 14 = 5*p - 1. Calculate the remainder when o is divided by p.
1
Suppose 4*w = 42 + 58. Suppose 7*d - 20 = 3*d. Suppose -52 = i - d*i. What is the remainder when w is divided by i?
12
Let r(y) = -35*y - 62. Calculate the remainder when 106 is divided by r(-3).
20
Suppose -3*p + 131 + 118 = 3*y, p + 4*y = 86. Suppose -3*s = i - 42, 5*s - 7 = -2*i + p. Suppose i = 6*n - 3*n. Calculate the remainder when 55 is divided by n.
17
Suppose -17 - 22 = -13*m. Calculate the remainder when 57 is divided by (27/3)/(((-9)/(-4))/m).
9
Let l(k) be the first derivative of -k**2 - 14*k + 4. Let c = -5 + 8. Calculate the remainder when l(-10) is divided by c.
0
Suppose -160 = 5*z - 5*x, -z = -5*z - 5*x - 155. What is the remainder when 43 is divided by (-6)/(-10) + (-784)/z + -6?
9
Suppose u + u - p + 2 = 0, -3*u + p - 1 = 0. Let x be -2*4/(-6)*6. Suppose 4*r = -x, -h - 5*r - u = -4. What is the remainder when h is divided by 5?
3
Suppose -5*i = 3*h - 0*h - 27, 4*i - 4*h = 28. Suppose 619 - 655 = -12*q. Calculate the remainder when i is divided by q.
0
Let t(l) = 47*l + 961. What is the remainder when t(-18) is divided by 3?
1
Suppose 0 = 5*z + r - 68, 86*r + 48 = 4*z + 90*r. Calculate the remainder when 123 is divided by z.
11
Calculate the remainder when 587 is divided by (2 + -1 - 39)*(-96)/192.
17
Let j(n) = -20*n + 17. Let i be j(5). Let y = i + 123. Let h = -17 + 31. Calculate the remainder when y is divided by h.
12
Let c = 1769 + -1755. Let f = 24 + -17. Calculate the remainder when c is divided by f.
0
Suppose 1047 = -62*d + 65*d - 3*x, -3*x - 1745 = -5*d. What is the remainder when d is divided by 25?
24
Let d = 68 + -36. What is the remainder when 220 is divided by d?
28
Let m be (-1 - -1) + (5 - 2). Suppose -m*g + 10*g - 42 = 0. Calculate the remainder when 14 is divided by g.
2
Let c(t) = t**3 - 11*t**2 - 26*t + 16. What is the remainder when c(13) is divided by (-38)/(-4) - (-45)/30?
5
Suppose -3*n + 4 = -r, 2*n - 6 = 2*r - 3*r. Let q = 7 - r. Suppose -t - 5*o + 28 = -0*t, 4*t + 3*o - 61 = 0. What is the remainder when t is divided by q?
3
Let z = -17 + 51. Suppose 0 = 2*d - 4*d + z. Suppose 0 = -2*m + 2, -4*m = -5*a - 2*m + 28. What is the remainder when d is divided by a?
5
Suppose -10 - 6 = 2*v. Let h(c) = c**2 + 8*c + 10. Suppose -3*j + 2*j = -5*a + 10, -25 = -5*j. Calculate the remainder when h(v) is divided by a.
1
Let j = 27 + -11. Suppose 19*p + 175 = -25*p + 79*p. What is the remainder when j is divided by p?
1
Suppose -144 = -5*y + 4*t, 4*t = -2*y - 0*t + 80. Let w = y - 26. What is the remainder when w is divided by 4?
2
Suppose 3*f + 2*s - 526 = 0, 4*f - 3*s - 709 = 2*s. What is the remainder when 537 is divided by f?
9
Suppose 5213 = -69*z + 82*z. What is the remainder when z is divided by 24?
17
Suppose 2*o = -d + o - 1, -8 = 5*d + 2*o. Calculate the remainder when d - (2*-26 - -1) is divided by (-80)/(-6) - (-1)/(-3).
10
Let v = 22 - 7. What is the remainder when v is divided by 60/(-25)*((-40)/(-8) + 30/(-4))?
3
Suppose -3*p = 3*i - 21, 4*p - 4*i - 18 = -3*i. Let z be 992/(-40) + (-1)/p. What is the remainder when 19 is divided by (12/30)/((-1)/z)?
9
Let k(j) = -j**2 + 27*j - 101. Calculate the remainder when 1619 is divided by k(14).
80
Calculate the remainder when 62 - ((6 - 3) + -2) is divided by 336/105*(-2 + 7).
13
Let x = -191 + 424. Calculate the remainder when x is divided by 18.
17
Suppose 3*d - 20 = 19. Let z(t) = -t**3 - 2*t**2 - 4*t + 2. Let l be z(-4). Let v = l - 2. Calculate the remainder when v is divided by d.
9
Suppose 6 = -7*z + 48. Let x(k) = k**2 - 3*k - 2. What is the remainder when 44 is divided by x(z)?
12
Let l = -1 + 6. Let w(q) = 7 - q**2 - 5 - l*q - q. What is the remainder when 19 is divided by w(-5)?
5
Let g = 361 + -340. Suppose 4*y = -w + 3*w - 72, 3*w - 119 = -5*y. What is the remainder when w is divided by g?
17
Let n be 6 + (-5)/(15/3). Suppose 5 = -n*g, 45 = 4*w + w - 5*g. What is the remainder when 14 is divided by w?
6
Suppose -15*b - 2*b = -425. Calculate the remainder when 52 is divided by b.
2
Suppose -2*m - 28 = 26. What is the remainder when (-20)/(9/(m/6)) is divided by 3?
1
Suppose 180 = 8*c - 2*c. What is the remainder when 148 is divided by c?
28
Suppose -4*v - 60 = -10*v. Let i = v - 6. Suppose 3*g - z - 46 - 17 = 0, -i*z - 32 = -g. What is the remainder when g is divided by 6?
2
Suppose -5*x + 18 - 8 = 0. What is the remainder when (21/2)/(x/4) is divided by 6?
3
Calculate the remainder when (-40)/8 + (-8 - -994) is divided by 24.
21
Suppose 0 = -5*n + 123 + 7. What is the remainder when 74 is divided by n?
22
Calculate the remainder when 204 is divided by (2/(-4) + -1)*3968/(-96).
18
Let p = 8 - 3. Suppose p*c = -5*z - 123 + 453, -10 = -5*z. Suppose -3*a = 12, 3*a + 38 = 7*t - 5*t. Calculate the remainder when c is divided by t.
12
Let g(m) = -m**2 - 8*m. Let t be g(-8). Let v be -1 + -1 + t - -4. Suppose 20 = v*o + 2*o. What is the remainder when 7 is divided by o?
2
Let p = -4 - -7. Suppose -p*f = 2*y + 26 - 390, -362 = -3*f - 4*y. Calculate the remainder when f is divided by 25.
22
Let b(l) = -l**3 - 9*l**2 - 9*l. Let i be 4 + (-1)/((-1)/(-2)). Suppose -3*k - 40 = i*k. Calculate the remainder when b(k) is divided by 3.
2
Suppose -5*w + 207 = -2*w. Suppose 0 = 9*s - 2*s - 203. Let t = s - 11. What is the remainder when w is divided by t?
15
Let p be (22/8)/((-2)/40). Calculate the remainder when 12/(-8) - p/2 is divided by 9.
8
Suppose -2*j + 4*p = -17 - 3, -3*j - 4*p = -70. Calculate the remainder when 69 is divided by j.
15
Suppose -5*d = -2*z + 63, 4*z - 3*d = -6*d + 139. What is the remainder when 25 is divided by 0/(-2) + z/2 + 0?
8
Suppose -3424*u = -3414*u - 60. Calculate the remainder when (12/(-10))/(-3)*130 is divided by u.
4
Suppose -2*m + 6*m - 283 = 3*n, -3*m = n - 222. What is the remainder when m is divided by 39?
34
Suppose 0 = -10*t + 2*t + 576. What is the remainder when t is divided by -3 + (9 - -4) - -1?
6
Suppose 25*s = 2*s + 391. Let z(w) = w**3 - 2*w**2 - 9*w + 7. What is the remainder when z(6) is divided by s?
12
Let v(a) = -7*a + 15. Suppose -5*y + 8*y + 45 = 0. Let o be v(y). Suppose 6*z - o - 66 = 0. What is the remainder when z is divided by 12?
7
Suppose 133 = 6*y + 7. Let k = y - 6. Suppose 57 = f - 5*m, -5*f - 3*m + 216 = -5*m. What is the remainder when f is divided by k?
12
Let j(o) = -15 - 2*o - 5*o + 20*o - o**2. Let c be j(15). Let s = 7 - c. Calculate the remainder when s is divided by 9.
7
Suppose -10*u + 1425 = -5*u. Calculate the remainder when u is divided by 16.
13
Suppose -812 = -17*a + 13*a. What is the remainder when a is divided by 34?
33
Suppose 26 = 2*c - g - 4, -2*c = 5*g - 54. Let j be 0*(-4 + (-6)/(-2)). Suppose z - 12 - 38 = j. What is the remainder when z is divided by c?
16
Let q = -7 - -44. Let a = q - 32. What is the remainder when 6 is divided by a?
1
Calculate the remainder when 268 is divided by (-12)/21 - (-6)/(126/579).
25
Let y(g) = 25*g + 77. What is the remainder when y(3) is divided by 17?
16
Suppose 19*m = -3*w + 15*m + 90, 5*w - 115 = 5*m. Let i be (-2)/(3/1 + -1). Calculate the remainder when 76 + i - 0/(-3) is divided by w.
23
Let g be -2 - (108/(-12))/(6/4). Calculate the remainder when (-20)/((-6)/g - (2 - 3)) is divided by 16.
8
Let b = -178 - -108. Let a = -30 - b. What is the remainder when a is divided by 24?
16
Suppose -3*s + h + 10 = 0, -4*s + 3*h + 16 = h. Suppose -s*w - 13 = -57. Calculate the remainder when 38 is divided by w.
16
Suppose 4*f = -0*f + 28. Suppose -9*w + 88 = f. What is the remainder when 52 is divided by w?
7
Let x = -19 - -21. Calculate the remainder when 20 is d